 4*n + 244, -10*n + 5*n + 1175 = 5*t. What is the tens digit of t?
3
Suppose -5*x = -f - 5, f - 10 = 3*x + 3*f. Suppose -2*v + m + 68 = x, 0 = -0*m - m. What is the tens digit of v?
3
Let x(w) = -w + 2. Let c = -7 - -22. Suppose -3*k = c, 2*l + 22 = -2*l - 2*k. What is the units digit of x(l)?
5
Suppose 0 = 3*y + 2*y - 10. Suppose g + 1 = 0, 3*j - 4*g + 6*g + y = 0. Let x = j - -2. What is the units digit of x?
2
Suppose -36*q + 11097 = -12807. What is the hundreds digit of q?
6
Suppose y = -4*y - 0*y. Suppose y = 12*k - 9*k - 48. What is the tens digit of k?
1
Suppose -4*g = -2*y + 46, -77 = -3*y - g + 3*g. Let b = -9 + y. Suppose 0 = -4*j + b + 10. What is the units digit of j?
7
Let x(v) = v**2 + 1. Let w be 11 - (-4)/((-16)/(-4)). What is the tens digit of x(w)?
4
Let v(x) = 21*x**2 - 49*x + 41. What is the tens digit of v(-14)?
4
Let u(k) = 2*k**2 - 26*k - 9. What is the units digit of u(-9)?
7
Suppose l - 7*l = 0. What is the units digit of 202/(-2*(-1 + l))?
1
Let j(p) = p**2 + 6*p. Let f(z) = -z**3 + 7*z**2 + 3. Let u be f(7). Suppose u*h = -23 - 7. What is the units digit of j(h)?
0
Let v(b) = 3*b**2 + 7*b + 9. Let r be v(4). Let g = -29 + r. What is the units digit of g?
6
Let q = -1 - -6. Let g(h) = -h**3 + 6*h**2 - 4*h - 3. Let f be g(q). Suppose -39 - 1 = -5*m - 5*b, -f*m + 19 = 5*b. What is the units digit of m?
7
Suppose -313*a + 318*a = 7965. What is the hundreds digit of a?
5
Let q be 3 - (-7)/((-21)/(-45)). Suppose -2*z - q = -7*z - 4*o, 4*o - 8 = 0. Suppose 1 + 13 = z*m. What is the units digit of m?
7
Let i = 104 - -4545. What is the hundreds digit of i?
6
Let h(j) be the third derivative of 5/12*j**5 + 0 + 1/12*j**4 + 1/6*j**3 - 13*j**2 + 0*j. What is the tens digit of h(-1)?
2
What is the units digit of 11 + (-6)/(18/(-10821))?
8
Let i(r) = -r**3 - 9*r**2 - 15*r - 5. Let y be i(-7). What is the units digit of y/36*4 - 6888/(-108)?
4
Let n be -2 - (2 + -1)*-62. Let g be ((-1566)/84 + 2/14)*-2. Let j = n - g. What is the tens digit of j?
2
Suppose 0 = 2*b + 5*o + 16 + 3, b - 4*o = 23. Suppose -6*m = -b*m. Suppose -2*l + 12 + m = 0. What is the units digit of l?
6
Suppose 2*h + 6*n - 3*n - 21 = 0, n = -3. Let l(f) = -9 - f**2 + 17*f + 5 + 5. What is the units digit of l(h)?
1
Let z(q) = -q**2 + 9*q + 21. Let j be z(12). What is the tens digit of 6/(-1 - j/13)?
3
Let w(n) = -5 + 14 + 21 + 34*n - 11*n - n**2. What is the units digit of w(23)?
0
Let l = 1074 - 114. What is the hundreds digit of l?
9
What is the units digit of 10/(-60) + (-7131)/(-18)?
6
Let b(p) = -p + 6. Let l be b(3). Let j be -2 - (-24)/l - 3. Suppose -2*h - j*o + 15 = 0, 30 = 3*h + 2*o + o. What is the tens digit of h?
1
Suppose -5*k = -2*s, 3*k + s + 0*s = 0. Suppose k = 3*x - 118 + 31. What is the tens digit of x?
2
Let o be (-1 - (-3080)/21) + (-1)/(-3). Let z = o - -21. What is the tens digit of z?
6
Let w = 1483 - 957. What is the hundreds digit of w?
5
Suppose -2*b = -2*o - 232, 6*o = 10*o + 4. Let r = b - -2. What is the tens digit of r?
1
What is the tens digit of 3/4*(-4 + 8) - -35?
3
Suppose -5*c + 4 - 39 = 0. Let y(p) = -p**3 - 7*p**2 + 6. Let x be y(c). Suppose -3*q + x = -0*q. What is the units digit of q?
2
Suppose 2*b - 4*g = 2582, 4*b + 5*g - 3878 - 1273 = 0. What is the thousands digit of b?
1
Let c = 3976 + -2761. What is the thousands digit of c?
1
Let p be (4/(-4))/((-3)/9). Suppose -p*r = -2*y + r + 4, 0 = 2*y + 4*r - 36. Suppose -v = -5 - y. What is the tens digit of v?
1
Let j(t) = 15*t + 38. Let i be j(11). Suppose v - 3*s - i = 0, 3*v = 3*s + 2*s + 593. What is the tens digit of v?
9
Let s = -20 + 23. Suppose 2*d + d - 476 = 2*o, s*o = -2*d + 313. What is the hundreds digit of d?
1
Suppose 3*d = n + 5, 0 = n - 4*n + 2*d + 6. Let g(m) = n*m**2 - 6 - 5 - 3*m**2 + 6*m + 1. What is the units digit of g(-9)?
7
Suppose -4*o - 2*t = 3*t - 15708, 4*t = -o + 3916. What is the hundreds digit of o?
9
Let v(j) = j**2 - 6*j + 5. Let f be v(5). Suppose f = -7*u + 3*u + 40. What is the units digit of u + -8 - (-21 + -1)?
4
Let j(g) = -9*g**2 + 3*g - 8. Suppose -6*z + 8*z = -2. Let k(d) = -d**2 - 1. Let b(v) = z*j(v) + 5*k(v). What is the tens digit of b(3)?
3
Let b = 124 + -59. What is the tens digit of b?
6
Suppose -5*y = -4*y - 9. Suppose y*w = 4*w. What is the units digit of 6 + 4 - (w + -1)?
1
Suppose 2*z - 16 - 16 = 0. Suppose p = -3*p + z. Suppose 4*v + t + 44 = 5*v, v - 24 = -p*t. What is the tens digit of v?
4
Suppose 0 = 5*k - t - 15, -5*k + t + 15 = 4*t. Suppose 2*q + 3 = 3*q + w, -3*w = -k*q + 15. Suppose c - q*c = -3. What is the units digit of c?
1
Suppose 6*s - 2008 + 214 = 0. What is the hundreds digit of s?
2
Let o = 607 - -691. What is the hundreds digit of o?
2
Let r(q) = -102 - q**3 - 80 + 203 + 11*q + 17*q**2. What is the hundreds digit of r(17)?
2
Let k = 40 - 19. Suppose -8*o = -13 - 3. Suppose 2*p = 4, l - 3*p + o*p - k = 0. What is the tens digit of l?
2
What is the units digit of 1 + -2 + (-3 + 9)*223?
7
Suppose 2*k = -2*f + 572, -f + 2*k - k + 276 = 0. What is the hundreds digit of f?
2
Suppose 0 = -39*h + 37*h + 402. What is the tens digit of h?
0
Let r(t) = t**3 - 14*t**2 + 2*t + 17. Let o = -16 + 30. What is the tens digit of r(o)?
4
Suppose -92*r + 88*r = -32. What is the units digit of (-12)/r*(-2292)/18?
1
Let m(g) = 31*g**2 + 14*g + 152. What is the tens digit of m(-12)?
4
Let y be (-4 - -3)/((-2)/(-92)). Let x be 1*-17 - (-1 - -2). Let m = x - y. What is the tens digit of m?
2
Let q = 174 - 84. Suppose 0 = -2*j - 2*a + 118, -2*j + 7*a = 2*a - q. What is the tens digit of j?
5
Suppose -2*t + 791 = 5*m, -3*t + 630 = 3*m + m. What is the hundreds digit of m?
1
Let m be 2/(-10) + (-1016)/(-5). Let n = -140 + m. What is the tens digit of n?
6
Suppose -360 = -3*z - 2*d - d, z + 3*d - 114 = 0. Suppose -k + 2*k - 3*s - 21 = 0, -3*s = 5*k - z. What is the tens digit of k?
2
Let a be ((-6)/5)/(15/(-50)). Suppose 3*v + a - 10 = 0. Suppose -v*f + 4 + 14 = 0. What is the units digit of f?
9
Let v = -777 - -1502. What is the units digit of v?
5
Let z(h) = 8*h**3 + 3*h**2 - 5*h + 2. What is the thousands digit of z(6)?
1
Let i = -17 - -24. Let p(b) = 2*b**2 - 8*b + 9. What is the units digit of p(i)?
1
Let v(s) = s + 10. Let y be v(-7). Suppose -t + y*l - l + 570 = 0, -1713 = -3*t + 5*l. What is the tens digit of (1/1)/(16/t)?
3
Suppose -5*w + 4*a = -740, 5*w + 4*a - 444 = 2*w. Let v = w - 84. What is the units digit of v?
4
Let c = -41 + 16. Let d be 1/(-2) + c/(-2). What is the units digit of ((-16)/d)/((-6)/63)?
4
Let m = -36 + 35. Let n be m*(-2)/(1 + 0). Suppose -82 = -n*q + 5*b, 3*q - 2*b - 149 = -b. What is the units digit of q?
1
Suppose 321 + 3277 = 7*s. What is the units digit of s?
4
Let m(g) = g**3 - 4*g**2 + 3*g - 10. Let r be m(4). Suppose 1035 = 6*t - t - 4*l, 414 = r*t - l. What is the tens digit of t?
0
Let b = 2211 + -5379. Let z be b/60 - (-2)/(-10). What is the tens digit of 0 - z - 0/(-4)?
5
Let v = -2043 - -3655. What is the tens digit of v?
1
Let a be -2 - 3/(-3) - -3. Let y(f) = -8 + 8 - 5*f - a*f. What is the units digit of y(-3)?
1
Let n = -484 + 1037. What is the units digit of n?
3
Suppose 0 = 2*c - 0 - 8. Let k = 5 + -5. Suppose c*n + 2*m + 21 = 59, 4*n - 5*m - 3 = k. What is the units digit of n?
7
Let v(f) = 1015*f**3 + 6*f**2 - 4*f - 1. What is the units digit of v(1)?
6
Let s be -1 + -2 + 7 + 4. Suppose -24 = s*n - 0. What is the tens digit of (14/(-4) - n)*-50?
2
Suppose 0 = 2*i + 3*o + 24 - 144, 4*i = 4*o + 260. Let a = -9 + i. What is the units digit of a?
4
Let a be (-118)/(-6) + (-3)/(-9). Let d = a + 162. What is the hundreds digit of d?
1
Let g(k) = 138*k - 30. What is the tens digit of g(12)?
2
Let w = -3 + 335. Suppose m - 19 = -4*u, 0 = 3*m - m + 2. Suppose -46 = -y - s + 20, u*y + 3*s = w. What is the tens digit of y?
6
Suppose 6 = 4*r - 2. What is the tens digit of 34 - (-15)/(10/r)?
3
Suppose 5*h = -2*b + 8737, -h + 1769 = -9*b + 4*b. What is the units digit of h?
9
What is the hundreds digit of (34/6)/(8/2712)?
9
Let y be (-26)/10 + 4/(-10). Let n(m) = -40*m + 35*m - m**2 - 3 + 2. What is the units digit of n(y)?
5
Let g = 316 - 308. Suppose 5*b = 21 - 1. Let p = g + b. What is the tens digit of p?
1
Let s(t) = 3*t - 9. Let k be s(7). Let n = 172 + -76. Suppose n = -k*f + 16*f.